
In base 3, what is -11120 + 1012?
-10101
In base 12, what is -63 + -26?
-89
In base 13, what is -1101 + 4?
-10ca
In base 8, what is -12 - -114?
102
In base 13, what is -1 + 312a?
3129
In base 15, what is 1 - 58?
-57
In base 4, what is 11 + -131?
-120
In base 11, what is 85 + 6?
90
In base 2, what is -10000 + -1010?
-11010
In base 15, what is -4e6 - -7?
-4de
In base 11, what is -1563 + 2?
-1561
In base 12, what is 97 - 3?
94
In base 9, what is -10 + 2132?
2122
In base 5, what is -31432 - 11?
-31443
In base 10, what is 64 + 4?
68
In base 13, what is 3 + c?
12
In base 9, what is 6 - 44?
-37
In base 9, what is -84 - 7?
-102
In base 14, what is a5 + -1c?
87
In base 11, what is 10 + -345?
-335
In base 7, what is 15 - -160?
205
In base 12, what is 3 + -36?
-33
In base 12, what is -75 - -40?
-35
In base 5, what is 411430 + 10?
411440
In base 13, what is 5 - -a6a?
a72
In base 7, what is 12 + -3526?
-3514
In base 11, what is 21 + -13?
9
In base 8, what is 7 + -27?
-20
In base 13, what is 30 - -3?
33
In base 8, what is -341 + -2?
-343
In base 7, what is -324 + 1?
-323
In base 9, what is 10 + -6257?
-6247
In base 3, what is 12002 + -12?
11220
In base 3, what is 1211 - -11021?
20002
In base 16, what is a - 3?
7
In base 3, what is -20 + -1120?
-1210
In base 13, what is -caa + 0?
-caa
In base 6, what is -2 - -132?
130
In base 12, what is 179 + -4?
175
In base 8, what is 26632 + 0?
26632
In base 4, what is -310 - -12330?
12020
In base 15, what is -4 + -9?
-d
In base 4, what is 2 + 102223?
102231
In base 13, what is -878 + -1?
-879
In base 15, what is 3 + 72b?
72e
In base 8, what is 4 + 64?
70
In base 8, what is -762 + 0?
-762
In base 11, what is 6 - 13?
-8
In base 2, what is 1001 - 1000011?
-111010
In base 3, what is 110022000 + 1?
110022001
In base 7, what is -516 + -4?
-523
In base 4, what is 3 - 11213?
-11210
In base 2, what is -11101000 + -10?
-11101010
In base 12, what is -808 - -14?
-7b4
In base 7, what is 232 + 141?
403
In base 11, what is -73 - 71?
-134
In base 16, what is 3 - 1?
2
In base 12, what is 2 - 243?
-241
In base 14, what is -4 - 4a2?
-4a6
In base 6, what is -4 + 123?
115
In base 8, what is 16 - -27?
45
In base 6, what is -543 - 12?
-555
In base 11, what is 0 + -36?
-36
In base 4, what is -3 + 11311?
11302
In base 7, what is -2 + -300?
-302
In base 10, what is -48 + 14?
-34
In base 4, what is -1 + 11211?
11210
In base 16, what is 5 - a4?
-9f
In base 2, what is -11 + 101110110?
101110011
In base 10, what is 86 + 9?
95
In base 12, what is 1 + -7?
-6
In base 16, what is a - -7?
11
In base 7, what is -4635 + 1?
-4634
In base 11, what is -1 - 284?
-285
In base 11, what is -4 + -977?
-980
In base 5, what is -104 + 44?
-10
In base 15, what is 35c - 1?
35b
In base 10, what is -5 + -1736?
-1741
In base 2, what is -1100011010 - 101001?
-1101000011
In base 14, what is -3c2 - -3?
-3bd
In base 3, what is 11212 + -12?
11200
In base 12, what is -4 - -16?
12
In base 3, what is -22 + 2020211?
2020112
In base 5, what is 202 - -231?
433
In base 9, what is 21 - 2?
18
In base 3, what is -100 + 1002?
202
In base 12, what is 5 - -43?
48
In base 15, what is -470 - 0?
-470
In base 4, what is -23 + -13?
-102
In base 5, what is -4 + -342?
-401
In base 7, what is 0 + 42?
42
In base 13, what is 27 + 42?
69
In base 7, what is -12 - 136?
-151
In base 8, what is 1 - -51?
52
In base 5, what is -4 - -324?
320
In base 13, what is 10 - -7?
17
In base 14, what is -80 + 2?
-7c
In base 8, what is 0 + -575?
-575
In base 13, what is 0 - 11?
-11
In base 6, what is 40 - 10?
30
In base 13, what is -4 + -639?
-640
In base 10, what is 8 + -2204?
-2196
In base 2, what is 100 - -11100?
100000
In base 15, what is 17 + -1a?
-3
In base 4, what is -230011 + 1?
-230010
In base 5, what is 10 - -1?
11
In base 15, what is a + b?
16
In base 4, what is 1101 - 122?
313
In base 15, what is -4d + -20?
-6d
In base 13, what is -92 + 0?
-92
In base 3, what is 22010 - -12?
22022
In base 15, what is 1 - 4e?
-4d
In base 12, what is -34 + 1?
-33
In base 8, what is -40 - 1510?
-1550
In base 5, what is 404 - 3?
401
In base 10, what is -6455 - -3?
-6452
In base 9, what is -1151 - -4?
-1146
In base 9, what is -1 - -282?
281
In base 5, what is 0 - -4213?
4213
In base 15, what is 0 - -9?
9
In base 3, what is 11000 - -1?
11001
In base 7, what is 5346 - -10?
5356
In base 13, what is 31 - 0?
31
In base 7, what is 0 - -1355?
1355
In base 6, what is -1 - -40?
35
In base 11, what is 0 - 109?
-109
In base 3, what is -1201 + -110?
-2011
In base 11, what is 201 - -3?
204
In base 3, what is 2 + 20?
22
In base 11, what is 16 + 94?
aa
In base 13, what is -4 + -97?
-9b
In base 13, what is 9 - -60?
69
In base 14, what is 44 - -4?
48
In base 7, what is -36 + 12?
-24
In base 14, what is -1a3c - 5?
-1a43
In base 2, what is 10 - -1111101110?
1111110000
In base 5, what is 10 - 1?
4
In base 14, what is -16 + -22?
-38
In base 7, what is 634 + -4?
630
In base 4, what is 202 + 121?
323
In base 4, what is 10 + -10120?
-10110
In base 6, what is -2 - 11?
-13
In base 16, what is 20 + 1?
21
In base 6, what is -1 + -551?
-552
In base 8, what is -101 + 0?
-101
In base 6, what is 2 - -55?
101
In base 6, what is -2203 + 4?
-2155
In base 16, what is -1cee - -4?
-1cea
In base 2, what is -10011 - 101?
-11000
In base 3, what is -10 + -200010?
-200020
In base 9, what is 163 - -5?
168
In base 7, what is 3550 - 5?
3542
In base 9, what is 30 - -33?
63
In base 5, what is -21 + 0?
-21
In base 7, what is 1213 + -3?
1210
In base 7, what is -14254 + 3?
-14251
In base 2, what is 100000101 + 11?
100001000
In base 15, what is 5 - 35?
-30
In base 8, what is 3 - -21?
24
In base 2, what is -101 - -100000?
11011
In base 15, what is -2 + -41?
-43
In base 10, what is -16 + -218?
-234
In base 9, what is 2175 - 3?
2172
In base 3, what is -112 - 1110?
-1222
In base 16, what is -1 - -43c?
43b
In base 7, what is -204 + -10?
-214
In base 12, what is a8 + -8?
a0
In base 2, what is -10111101000 + -1111?
-10111110111
In base 7, what is 2 - -1201?
1203
In base 10, what is -1 - -92?
91
In base 7, what is 20 + 5?
25
In base 16, what is 2c3 - -3?
2c6
In base 9, what is 28 - -13?
42
In base 12, what is -1b7 + 2?
-1b5
In base 16, what is -f0 - 4?
-f4
In base 15, what is 2 + 99?
9b
In base 6, what is 34 + 0?
34
In base 2, what is 1000110000000000 - -100?
1000110000000100
In base 15, what is -2ee4 - 2?
-2ee6
In base 15, what is -2 + 22?
20
In base 2, what is 1001111010011 + 101?
1001111011000
In base 16, what is 4 + -11?
-d
In base 13, what is 4a3 + 3?
4a6
In base 9, what is 35 + 110?
145
In base 7, what is 34 - 505?
-441
In base 7, what is -60 + -24?
-114
In base 7, what is 2 - 6?
-4
In base 3, what is 0 - -11011?
11011
In base 11, what is 5 + -2a3?
-299
In base 6, what is 413 - -2?
415
In base 15, what is -15 - 3?
-18
In base 4, what is -2 - 210?
-212
In base 2, what is 110000001111 - 1?
110000001110
In base 12, what is -32 + -30?
-62
In base 3, what is 100122212 + -11?
100122201
In base 4, what is 11 + 203?
220
In base 3, what is 101012 + 10?
101022
In base 13, what is 2698 + -3?
2695
In base 10, what is 1007 - -1?
1008
In base 5, what is -102 - -4?
-43
In base 13, what is -153 + -59?
-1ac
In base 11, what is 3a + 60?
9a
In base 13, what is 4 - -12?
16
In base 11, what is 55 + 0?
55
In base 10, what is 8 + -50?
-42
In base 11, what is 22 - -1?
23
In base 11, what is 1 - -8?
9
In base 14, what is -18 - -1?
-17
In base 6, what is 2341 + 4?
2345
In base 3, what is 20022 + 0?
20022
In base 14, what is -3 - -13d?
13a
In base 3, what is -2 + -110?
-112
In base 7, what is 11 - -204?
215
In base 6, what is -23 - 44?
-111
In base 11, what is 3853 + -4?
384a
In base 7, what is -4 - -21661?
21654
In base 13, what is 19c + -32?
16a
In base 9, what is -3 + 212?
208
In base 12, what is -4 + 49?
45
In base 4, what is -210103 - 1?
-210110
In base 13, what is 25 - -2?
27
In base 9, what is -15 - -6?
-8
In base 7, what is 6 - -32?
41
In base 9, what is 6 + -72?
-65
In base 3, what is -2100 + 1?
-2022
In base 12, what is 1 + 891?
892
In base 7, what is 161 - 5?
153
In base 13, what is -10 + 32?
22
In base 9, what is 8 + -412?
-403
In base 10, what is -82 - -3?
-79
In base 6, what is 1 + 1211?
1212
In base 15, what is 3e7 - 4?
3e3
In base 10, what is -1594 + -5?
-1599
In base 6, what is 24 + -3